 k. Is i prime?
True
Let j(a) = -125*a**3 - 9*a**2 - 63*a + 24. Is j(-7) composite?
False
Suppose -459697297 = -173*t - 356*t. Is t a composite number?
False
Let c = -107 - -119. Suppose -1676 = 8*a - c*a. Is a composite?
False
Let g(x) = -x**2 - 6*x - 13. Let k be g(-6). Let o(p) = p**3 + 13*p**2 - p - 1. Let y be o(k). Let h(i) = 631*i + 59. Is h(y) a composite number?
True
Let j = -14612 - -29949. Let a = j + -9038. Is a prime?
True
Suppose 5*d - 16 = 3*l, -4*d + d + 12 = -3*l. Let z be 2 + (d + -4 - -2) - 0. Suppose -6*u - z*v = -u - 667, 1 = v. Is u a composite number?
True
Let z = 645 - 645. Suppose z = -7*p + 41*p - 746674. Is p a composite number?
False
Suppose 3763722 + 5297555 + 8090310 = 31*k. Is k a prime number?
True
Suppose 16*n - 10 = 14*n. Suppose n*w = 2259 + 3886. Is w prime?
True
Suppose 5*y + x = 3177529, 68*x - 18 = 71*x. Is y a prime number?
True
Let t = 123 + -88. Is (-12950 + -5)*(-14)/t prime?
False
Let f(u) = 3*u + 1369. Suppose -6*j = -3*j + 5*k - 25, 0 = j + 5*k - 25. Is f(j) a composite number?
True
Let z = 236 - 230. Let g(c) = 186*c**2 + 35*c - 169. Is g(z) composite?
False
Suppose 0 = g + 5*d + 3 + 13, 2*d = -3*g + 4. Suppose 4*f + 5*o = 19, 0 = -3*o + g*o - 3. Is 1162 - (4 - (-1)/f) a composite number?
True
Let o(r) be the first derivative of 13*r**2/2 - 52*r - 27. Let f be o(-13). Let l = 472 + f. Is l a composite number?
False
Let p be (-70)/350 + (-28)/10. Let v(k) = 409*k**2 + 11*k - 1. Is v(p) a prime number?
False
Suppose 2*z - 56 = -46. Suppose 435 = -5*w - z*u + 1695, 0 = -2*w + u + 519. Suppose 8*y - w = 3911. Is y composite?
False
Suppose 26522 = -15*m + 97697. Let p = m - 914. Is p prime?
False
Let i(k) = 4*k + 6. Let m be i(-2). Let l(n) = -n**2 + n. Let f(w) = 4*w**2 + w - 1. Let p(x) = m*l(x) + f(x). Is p(-6) composite?
True
Let g(m) = -3*m**3 + 53*m**2 - 29*m + 16. Is g(-35) a composite number?
False
Let w(s) = -s**3 + 18*s**2 - 34*s + 29. Let c be w(16). Is 251/((c - -1)/2)*-1 prime?
True
Let l = 76202 - -3857. Is l a prime number?
False
Suppose -2 = 2*s - 4*s. Let k be (s*2/6)/(2/24). Is 14052/36*-2*(-6)/k a composite number?
False
Suppose x - 20 = -4*x, i = x + 1. Let z = 384 + i. Is z a composite number?
False
Let k = -18 + 12. Is 765 + -9*k/27 prime?
False
Suppose -4*b + 10*b - 6102 = 0. Let o = -261 + b. Let v = o - -431. Is v a prime number?
True
Let b(k) = -5*k - 39. Let g be b(-9). Suppose g*x + 2*x - 56 = 0. Suppose -x*n + 2*n = -5*y + 210, 54 = y - 4*n. Is y composite?
True
Let l be (-26)/(-10) - 3/5. Suppose l*g + 4*r - 7984 = r, 4*r = -5*g + 19953. Is g a composite number?
False
Let x(v) = 9*v**2 + 21*v - 94. Let o(f) = -4*f**2 - 11*f + 46. Let a(j) = -7*o(j) - 3*x(j). Is a(-19) prime?
False
Let a be 21/(-6)*96/(-84). Suppose -a*f = r + 2*r - 6883, -2*r + 3440 = 2*f. Is f a composite number?
False
Suppose 2901 = -0*d + 3*d. Let o(c) = 2*c**2 - 66*c - 6. Let z be o(-30). Let j = z - d. Is j a composite number?
True
Let x(n) = 7860*n**2 - 3*n - 2. Let c be x(1). Let y = -3906 + c. Is y prime?
False
Let j = 461068 + -71621. Is j a prime number?
True
Suppose -1 = -5*y + 4*y, 2*k = 4*y + 2. Is (-8)/(-12) - (-11071)/k prime?
True
Suppose 4*p - 8*o + 6*o = 917752, -5*p + 2*o = -1147193. Is p prime?
False
Let w = 410 + -410. Suppose -5*f - d = -5290, w*f + 2*f = 5*d + 2089. Is f composite?
True
Let w = -9845 + 21771. Suppose -4*n = -2*a - 9520, -5*n + w = 5*a - a. Suppose n = 5*y + y. Is y composite?
False
Let q(p) = -p**3 + 15*p**2 - 14*p + 5. Let j be q(14). Suppose -2*m = -j*m - 3165. Let u = m + 1768. Is u composite?
True
Let l = 1013945 - 616764. Is l a prime number?
True
Is (47115 - -6)/1 - 10 a prime number?
True
Suppose 2*j - 234527 = -11197 + 45232. Is j composite?
True
Let o(p) = p - 6. Let x = -37 - -43. Let u be o(x). Suppose -k + 337 = 2*j, 0 = 2*k - u*k - 3*j - 653. Is k composite?
False
Suppose 0 = 256*x - 261*x + 4310. Is x a prime number?
False
Let u be 3/(-3) + 4 + -20. Let h = u + 16. Is 134020/120 - h/6 a prime number?
True
Suppose -4*f + h = -12221, -2*h + 4637 = 2*f - 1461. Let k(n) = -10*n**2 - 107*n + 37. Let b be k(-11). Suppose b*a + 2*a = f. Is a a composite number?
False
Suppose -117916 = -46*l + 42*l. Is l composite?
True
Let m(r) = -r + 10. Let y be m(-3). Suppose -8*p = -y + 53. Is 4/(-6) - (3556/(-6) - p) a prime number?
True
Suppose -i + 17*a + 1508 = 16*a, i - 1508 = -4*a. Suppose 5198 + 160 = 2*x. Let r = x - i. Is r composite?
False
Suppose 31344 = -x + 102440. Suppose -x = -7*q - q. Is q prime?
True
Suppose 1 = 2*h - 7, -2*x - 3550 = -5*h. Suppose -i - 2731 = -8*u + 11*u, 2*i = 4*u + 3658. Let s = u - x. Is s a composite number?
False
Suppose -5*l = 5*u - 7*u + 249636, 0 = 3*u + 4*l - 374431. Is u prime?
False
Suppose 4*u - 130294 = 3*l + 1144029, u + 5*l = 318598. Is u composite?
True
Suppose 6*x - 54533 = 29017. Suppose -4*y = y - x. Let z = y - 1424. Is z a composite number?
False
Is (((-14628590)/8)/31)/(1 + 13/(-8)) prime?
False
Let u be ((-365)/(-2) - -1)/(289/(-1156)). Let j(b) = b**2 + 6*b + 4. Let w be j(-6). Is u*3/(-6) + w composite?
True
Let d(z) = 120*z**3 + 8*z**2 - 5*z - 2. Let k = -391 - -394. Is d(k) a composite number?
True
Let g = 7182 + -4514. Suppose 3*u - 3*x - 2*x - g = 0, 5*x - 1762 = -2*u. Is u a composite number?
True
Suppose -830 = 2*g - 4*z, -331 = g + 4*z + 114. Let t = -280 - g. Is t composite?
True
Is 33/660*97220*(-94)/(-2) a prime number?
False
Let p(j) = -2*j**3 - 2*j**2 - 46*j - 41. Is p(-9) prime?
True
Let b be (396/48)/(1/(-4)). Let k be 18/(6/15 + b/(-30)). Suppose 6941 = -w + k*w. Is w a composite number?
False
Is (-1 - -8)*13556/56*2 composite?
False
Let w(z) = 2419*z**2 - 52*z + 265. Is w(6) a composite number?
False
Suppose -44*a = -41*a - 19215. Suppose -5*v + a + 1280 = 0. Is v a prime number?
False
Let x be 76872/((-32)/(-4))*1. Is -5 + x + 7 + 2 prime?
True
Let r = -28426 - -56706. Suppose -r = -2*a + 2*w, -2*a - 4*w + 28295 = -w. Is a a composite number?
False
Suppose -3*x = -2*i + 924212 - 182458, -2*x = 8. Is i a prime number?
True
Let t = 22 - 21. Let p be (6940 + t)*(-18 - -20). Suppose -8*m + p = -4782. Is m a prime number?
True
Let s(o) = -o**3 - 6*o**2 + 6*o - 7. Let b be s(-7). Suppose 5*d = b, 4*u - 9*u - 5*d = -5045. Is u a composite number?
False
Suppose -3*h + 5*k - 17 = -16, -3*h - k + 11 = 0. Suppose -47579 = -4*z - 2*p - 16165, 0 = -3*p + h. Is z a composite number?
False
Let r = 35607 + 84366. Suppose -34*k + 85761 = -r. Is k prime?
False
Let w = 4260 - 4027. Suppose -4*a = 1130 + 1086. Let y = w - a. Is y composite?
False
Let m = -223065 - -632282. Is m a prime number?
True
Let b be (1 - -17)/(1*2). Let a be ((24/b)/1)/((-14)/(-21)). Suppose 263 = 2*c - 7*y + a*y, 2*c + 3*y = 293. Is c prime?
True
Let y = 10 - 34. Let d be 4/(-2)*60/y. Suppose 0 = 5*l - d, -6*g + 126 = -3*g - 3*l. Is g a prime number?
True
Let o(u) = 329*u - 1804. Is o(7) composite?
False
Let c be (72/6)/(-6) - -20. Suppose 350567 + 48079 = c*m. Is m a prime number?
True
Is 1*21038*2/4 composite?
True
Suppose -12 = 2*i - 0*i - 5*n, n - 20 = -4*i. Suppose -y + i*y = 0. Suppose 5*u = -y*u + 3365. Is u a composite number?
False
Suppose 4*b - 3*b - 4 = 0. Suppose -r = -492 - 279. Suppose -o + 2*l = -r, 2*o - 1536 = 5*l - b*l. Is o prime?
False
Let l be (44/(-16))/(2/(-8)). Let w(q) = -5*q + 29. Let t be w(l). Is (-478)/4*(t + 0/2) a composite number?
True
Let u be -6 + (-3 - -8) - -124. Suppose 126*h - u*h = 9762. Is h composite?
True
Let l = 79333 - 17060. Is l composite?
False
Let q = 1454102 - 1022791. Is q a composite number?
False
Is (40208 - (-6 + -5 + 3)) + (2 - 7) a composite number?
True
Let o(w) = 3*w**3 - 17*w**2 + 12*w - 13. Suppose -5*g + 6 = 1. Let h be (g - (5 + -1))*14/(-6). Is o(h) prime?
False
Suppose 2*b = 4*b + 2*d - 121722, -2*d - 60855 = -b. Is b composite?
False
Suppose 190*p = -103*p + 41816081. Is p composite?
True
Suppose p = 2*p + 4. Let n(f) = 3*f - 143. Let y be n(46). Is 443/p*(-3 - y - 6) prime?
True
Let p(a) = 39*a + 17. Let o be p(19). Let v be (-5 - -2)*(-128 - -5). Let x = o - v. Is x composite?
False
Let j(a) be the first derivative of 25*a**3 - 9*a**2 + 67*a - 114. Is j(16) composite?
False
Let i(c) = 7*c**2 - 9*c + 95. Let l be 1196/78 + 1/(-3). Is i(l) a composite number?
True
Let i be 